Let l(g) = -g. Let n(j) = -j**2 + j - 1. Let f(d) = 2*l(d) + n(d). Calculate f(t).
-7
Let v(h) be the first derivative of -h**4/4 + 2*h**3 - 142. Determine v(6).
0
Let t(b) = -5*b + 1359*b**3 + 4*b - 1358*b**3 - 27. Calculate t(0).
-27
Let c(i) = -i**2 - i**3 + 0*i**3 + 2*i**2 - 5 + 14 + i. Let l be 3/(-12)*(0 + -116). Let n = -29 + l. Give c(n).
9
Let g be ((-3 + 2)*5)/((-11)/11). Let b(r) = 2*r - 1 + 10 - g - r. Calculate b(5).
9
Let l(x) = 5*x**3 - 10*x**3 + 184 + 3*x**2 - 184 + 7*x**3. Give l(-2).
-4
Let s(x) = 2*x + 4. Suppose -45*q + 2 = -88. Give s(q).
8
Let n = 684 - 691. Let x(o) = -o**3 - 6*o**2 + 8*o + 10. Give x(n).
3
Let q(s) = -4 - 5 - 4*s + 5*s + 7. Let z be 0*((-30)/(-6) + -4). Give q(z).
-2
Let a = 17 - -6. Let w = a - 17. Let r(j) = w*j - j**2 - 7*j + j**3 + j**2. What is r(0)?
0
Let h(j) = -5*j - 25. Let i be ((-2)/(-8))/(7/(-28)). Let y(r) = 1. Let f(x) = i*h(x) - 25*y(x). Calculate f(2).
10
Let i(g) = g**3 - 7*g**2 - 8*g - 2. Suppose -5*w + w - 16 = 0. Let f be (-40)/w + -3 + 1. Calculate i(f).
-2
Let q(k) = -6*k**2 + 4*k. Let v(a) = -4*a**2 + 3*a. Let x(l) = 5*q(l) - 8*v(l). What is x(-3)?
30
Let l be (-1 - (-10)/6)*3. Let q(j) = j - 4 + 2 - l. Suppose -4*w + 3*i = -19, 0*w - 19 = -5*w - i. What is q(w)?
0
Let t be (4 - 1)*6/45*5. Let c(y) = -y + 7. Let q be c(5). Let j(k) = -q*k - 1 + k**3 - k**2 + 2*k + 0*k. Determine j(t).
3
Suppose 16*z = -8*z - 120. Let h(w) = 3*w + 5. Determine h(z).
-10
Let r(f) = -5*f**3 - 10*f**2 - f - 1. Let z(n) = 9*n**3 + 19*n**2 + 2*n + 1. Let x(h) = -11*r(h) - 6*z(h). Suppose m - 1 = 3*j - 9, 2*j - 5*m = -12. Give x(j).
1
Let x(l) = -l**3 + 8*l**2 + 8*l + 3. Let r = 1670 + -1661. Determine x(r).
-6
Let g = 8 - 12. Let x(v) = v**2 + 2*v. Let c(i) = i**3 + 5*i**2 + 6*i + 6. Let a(w) = -c(w) + 2*x(w). Give a(g).
18
Let v(a) = -3*a**2 + 3*a - 6. Let p(q) = -7*q**2 + 6*q - 12. Let b(x) = 2*x**2 - 38*x + 32. Let n be b(18). Let l(g) = n*p(g) + 9*v(g). What is l(-5)?
4
Let x(o) = -o**3 - 3*o**2 + 3*o + 3. Let c be x(-4). Let t(f) = 8*f**2 - 8*f**2 - 15*f**2 + 14*f**2 + 6*f - f. Give t(c).
-14
Let r = 98 + -87. Let h(p) = p**3 - 10*p**2 - 10*p - 16. What is h(r)?
-5
Let p(l) be the third derivative of -l**5/60 + l**4/3 + l**3/2 - l**2. Let v be ((-2)/(-7) - 278/(-56))*-4. Let f be (32/(-2))/(v + 19). Calculate p(f).
3
Let u(p) = p**3 + 8*p**2 + 4*p - 17. Suppose 2 - 30 = 4*m. What is u(m)?
4
Let p(t) = 2*t - 1. Let y = 48 - 18. Suppose q - 2*v = -3*q + 6, 5*q - y = -5*v. Suppose 2 - q = d. Give p(d).
-3
Let f be (-2)/(-6) + (-2)/6. Let s(o) = -5*o**3 - 6*o**2 - 72*o + 28. Let b(c) = 4*c**3 + 5*c**2 + 60*c - 26. Let k(u) = -6*b(u) - 5*s(u). Determine k(f).
16
Let u(w) be the first derivative of -w**2 - w - 139. Give u(-3).
5
Let j(l) = l - 18. Let n be j(8). Let p(t) = t**2 + 9*t - 5. Calculate p(n).
5
Suppose 8*f - 4*f = 12. Let o(b) be the first derivative of 1/4*b**4 - 4*b + 0*b**3 + f + 0*b**2. Give o(0).
-4
Suppose 2*t + 2*t = 0. Let y(w) = t*w + 1 + 2 - w + 3*w. Give y(3).
9
Let p(k) = -k + 5*k - 4 - 3*k + 2*k - 16*k. Give p(-4).
48
Let x = -46 - -50. Suppose 5*u = 4*s + 2*u + 35, 5*s + x*u = -36. Let z(t) = -t**2 - 10*t - 10. Give z(s).
6
Let c(j) = -6 - 4*j**2 + 5 + 3*j**2. Suppose 5*g = 3*p + 2*p - 30, -g = 4*p + 16. Let x be ((-9)/(-6))/(6/g). Calculate c(x).
-5
Let x(k) = -5*k**2 + k - 3. Let m(y) = -9*y**2 - 5. Let a(b) = -4*m(b) + 7*x(b). Suppose 5*r = 5*h - 20, -4*h + 2 - 11 = r. Calculate a(r).
-11
Suppose 0 = -5*j - 4*b + 5*b + 16, -3*j + 5*b - 8 = 0. Let i(k) = 5*k + 3 - 2 - j*k. What is i(-2)?
-1
Let i(v) = 10*v - 60. Let s be i(6). Let g(x) = x**3 + x + 12. Give g(s).
12
Suppose -s = -2*x - 0*s - 17, -5*x - 5*s = 35. Let h(i) = -i - 8. Calculate h(x).
0
Let m(a) = a + 2. Let g(j) = 14*j + 5. Let x(o) = -g(o) + 3*m(o). Suppose 4*v + 1 = -3*n, 2*n + 5*v + 0*v = -3. What is x(n)?
-10
Let j(a) = a**3 + 3*a**2 - 2*a - 4. Let n = -2 - -14. Let g = n - 15. Give j(g).
2
Let s = 18 + -16. Suppose r - 3*j - 5 = -s, -9 = -3*r - j. Suppose -r*z = -7*z - 8. Let l(d) = d**2 - d - 2. Determine l(z).
4
Let v(s) = -s - 12. Suppose 17*h - 22 = 19*h. Determine v(h).
-1
Suppose 0 = 4*c + 3*g + 11, -c + 4*g + 26 = -g. Let n(o) be the third derivative of 0*o + 1/12*o**4 - 1/15*o**5 - 1/6*o**3 - 2*o**2 + 0. Determine n(c).
-3
Let b(i) = i**2 + 4. Let v be (3 + -2 - 2)*-18. Suppose -y + 4 - 2 = 0, -18 = -2*g - 5*y. Suppose g*m - 10*m = -v. What is b(m)?
13
Let q(f) = -f**2 + 1. Let j(m) = m**3 - 8*m**2 - 3*m - 2. Let r(t) = -j(t) + 3*q(t). Let x be -24*(169/(-52) + 3). What is r(x)?
-13
Let m(t) be the second derivative of -t**5/20 - 7*t**4/12 - 7*t**3/6 + 5*t**2/2 + 149*t. What is m(-6)?
11
Let f(q) = q + 7. Suppose 3*i - 51 = 3*p, -2*i + 9 = -i + 3*p. Suppose 3*d = 4*n - 11, 1 = -4*d + 5*n - i. Give f(d).
-2
Let p be ((-20)/30)/(2/(-9)). Suppose p*g - 12 + 3 = 0. Suppose 0 = g*i + 10 - 4. Let l(h) = 3*h - 2. Give l(i).
-8
Let l(o) = 4*o**3 - 122*o**2 - 64*o + 67. Let w be l(31). Let v(f) = 0*f + 0 + 1 + f. Calculate v(w).
6
Let l(n) be the second derivative of -20*n + 0 - 3*n**2 - 1/3*n**3. Calculate l(-4).
2
Let c(v) = -2 + 2*v - 3 + 3. Suppose -2*f = -0*f + y - 4, -3*f = 4*y - 6. Suppose f*z = 4*m + 6, 2*z - 8 = 5*m - 0*z. Determine c(m).
-6
Let n(i) = -2*i**2 - 1 + 727*i - 721*i + 4*i**2 - 3*i**2. What is n(7)?
-8
Suppose -2*d = d - 111. Let q = d + -37. Let a(b) = b**3 + b**2 - 7. Determine a(q).
-7
Let i(f) = -2*f**2 - 18*f - 26. Let o be i(-7). Let k = 5 - 3. Suppose -k*v = o*v. Let t(h) = -h**3 + h**2 - h + 10. Determine t(v).
10
Let r = 77 - 35. Let q = r - 47. Let w(t) = t + 1. Give w(q).
-4
Suppose 0*n - n + 51 = 5*h, -55 = -5*h - 5*n. Let d(b) = h + 11 + 2*b**2 + b**3 - 5*b - 24. Determine d(-3).
3
Let d(z) be the second derivative of 0 + 1/120*z**6 - 1/6*z**4 - 11*z + 1/20*z**5 - 2/3*z**3 - z**2. Let x(a) be the first derivative of d(a). Give x(-4).
-4
Let p(n) = 3*n**2 + 0 + 3 + 6*n - 2*n**2. Let m(r) = r + 3. Let k be m(3). Suppose 2*s + 24 = -2*w + k*s, -3*s - 21 = 5*w. Calculate p(w).
3
Suppose -5*n + 84 = 4*w, -4*n + 2*n = -2*w + 24. Suppose -3*f - w = f. Let d = f - -4. Let a(m) = m**2 - m + 11. What is a(d)?
11
Let d(m) = -m + 9*m + 9*m + 12 - 18*m. Determine d(6).
6
Let a(d) = d**3 - d + 13. Let c(i) = -i + 3. Let v be (-5)/(-2)*24/20. Let y be c(v). Suppose 6*k - 3*h = 3*k, y = -4*k + 5*h. Calculate a(k).
13
Let n be ((-1)/(-3))/((-1)/(-6)). Suppose l = -3*q - 2, 5*l = -4*q + 2*q - 23. Let u(i) = 3*i**2 + 9 - 5 - q - 5. Determine u(n).
10
Let d be (-14)/91 + 56/26. Let j(q) = -5 - 4*q + d - q**2 + 6. Give j(-6).
-9
Let z(x) be the third derivative of x**5/60 + 3*x**4/8 - 188*x**2. Calculate z(-8).
-8
Let k(p) be the third derivative of p**5/60 - 5*p**4/12 + 4*p**3 - 316*p**2. Determine k(7).
3
Let f(t) = -134*t + t**3 + 276*t + 3 - 3*t**2 - 142*t. Calculate f(3).
3
Suppose y + 0 - 24 = 0. Let l = 28 - y. Suppose -l*x + 5*x - 5 = 0. Let f(b) = b**2 - 7*b + 3. What is f(x)?
-7
Let m(j) = j**2 - 15*j + 36. Let x be m(11). Let c(d) = d**2 + 7*d - 7. Determine c(x).
1
Let h be (-24)/(-192) + (-174)/(-16). Let s(g) = g**3 - 3*g**2 - 1. Let i(y) = 6*y**3 - 16*y**2 - 6. Let u(x) = h*s(x) - 2*i(x). Determine u(-2).
5
Let j = 3 + 0. Suppose -j*g - 2*g = 0. Let r(k) = -k**2 - k - 1. What is r(g)?
-1
Let m(z) = -z**3 + z**2 - 2*z - 1. Let x be m(2). Let f(i) = 9 - 189*i - 180*i + 558*i - 188*i. Give f(x).
0
Suppose 0 = 8*g - 10*g - 4. Let f be g + (10/2 - 2). Let q(k) = -k - 1 + f - 5 + 4*k**2 - 2*k + k**3. Give q(-4).
7
Let m(l) be the first derivative of 0*l - 7/360*l**6 + 1 + 0*l**5 + 0*l**4 + 0*l**2 + 1/3*l**3. Let q(x) be the third derivative of m(x). What is q(-1)?
-7
Let n(g) = 2*g**2 + 7*g + 3. Let i be n(-3). Let l(f) = 3*f**3 - 3*f**2 - 44. Let r(c) = -c**3 + c**2 + 21. Let m(z) = 2*l(z) + 5*r(z). What is m(i)?
17
Let g(k) be the second derivative of 23*k + 0 + 1/12*k**4 - 7/6*k**3 + 3*k**2. What is g(6)?
0
Let o(t) be the third derivative of t**4/24 - t**3/6 - 67*t**2. Let k be 2/(-1 + (0 - 1)). Calculate o(k).
-2
Let g(t) be the second derivative of 1/120*t**5 + 1/3*t**4 + 0*t**2 + 1/360*t**6 + 5*t + 0*t**3 + 0. Let x(j) be the third derivative of g(j). Give x(2).
5
Let g(t) be the first derivative of -3*t - 1/4*t**4 + 26 - 5/3*t**3 - 3/2*t**2. Give g(-3).
-12
Suppose 26 = -3*o